 - 3 + t + 2. Give g(3).
-7
Let b(w) = -2*w - 4. Let h(m) = -4*m + 57. Let k be h(16). Calculate b(k).
10
Let o be (0 - -2) + 0/(-2). Let h(k) = k. Let z(v) = v**3 - 4*v**2 - 7*v - 7. Let g(y) = o*h(y) + z(y). Let t = -19 + 24. What is g(t)?
-7
Let m(p) = p**3 + p**2 - p + 4. Suppose 4*a - 4 = -0*a. Let k be -2*(-3)/(-6) - a. Let g = k + 2. Give m(g).
4
Let m(i) = 2*i**2 + i + 2. Let a be m(2). Suppose 8 + a = -4*n, -3*n + 10 = 5*w. Let x(b) = -16 - 14 - 2*b + 29 + b. Give x(w).
-6
Let y(o) = -204*o + 195*o + 2 - 1. Calculate y(1).
-8
Let z be (16/12)/(2/6). Suppose 4*s = z*a - a - 3, -a = 5*s - 1. Let o(t) = 3*t + s - t - 1. What is o(-1)?
-3
Suppose -3*b + 2 = -2*a, a - 7 + 2 = 0. Suppose 1 - 5 = 4*m + b*u, 0 = -m + 4*u + 19. Let r(x) = -m + 2*x + 2*x - x. Determine r(3).
6
Suppose 3*x - 2 = -5*h - 0, 0 = -5*h + 4*x + 9. Let d(t) = -t**2 + 9*t + 1. Let f(l) = -l + 1. Let a(w) = h*d(w) + 3*f(w). What is a(5)?
9
Let j = -77 - -70. Let d(u) = u**2 - u - 1. Let i(w) = -7*w**2 - w + 9. Let a(n) = -6*d(n) - i(n). Determine a(j).
-3
Suppose d + 7 = -0*d. Let q(m) = -m**2 - 5*m + 7. Determine q(d).
-7
Let c be (1 - (3 + -4)) + 6/2. Let n(j) = j**2 - 6*j + 7. What is n(c)?
2
Let z(o) be the first derivative of -o**3/3 + 5*o**2 + 10*o - 15. Calculate z(10).
10
Let x(i) = 7*i**3 + 7*i**2 - 7*i - 1. Let z(w) = 3*w**3 + 3*w**2 - 3*w. Let v(y) = 2*x(y) - 5*z(y). Suppose -2*a + 0*a = -4*o, 0 = -3*o - 2*a. What is v(o)?
-2
Let k(b) = -3*b + 7. Let a(y) be the second derivative of y**3/6 + 5*y**2/2 + 3*y. Let z be a(0). Calculate k(z).
-8
Let r(v) be the first derivative of v**2/2 - v - 2. Give r(5).
4
Let o(b) = -3*b + 5. Let m be o(4). Let c(a) = a**3 + 6*a**2 - 7*a. Determine c(m).
0
Let o be 4/(-16) - (-34)/8. Suppose j = -o*j + 25. Let r(z) be the second derivative of -z**3/6 + z**2 + z. What is r(j)?
-3
Let q(c) = 5*c**2. Suppose -a = -4 + 5. Calculate q(a).
5
Let k(l) be the first derivative of -l**4/4 - 4*l**3/3 - l**2/2 + 2*l - 1. Let y(s) = s**3 + 5*s**2 + 5*s. Let r be y(-4). What is k(r)?
6
Let t be -4*((-4)/(-8))/1. Let s(m) = m**2 - 4*m - 3. Give s(t).
9
Suppose -5*r = 3 + 12. Let j = r - -2. Let w(k) = -k**3 + 1. Let b(u) = -8*u**3 - 2*u**2 - u + 4. Let y(q) = -b(q) + 4*w(q). Give y(j).
-3
Suppose 4*j - 3 + 15 = 0. Let q(b) = -2*b - 3. Give q(j).
3
Suppose 9 = 5*v + g - 4*g, 3*g + 9 = 2*v. Suppose v = 2*a + a + 2*s - 26, -2*a + 8 = -s. Let m(j) = -j**2 + 6*j. Give m(a).
0
Let y(b) be the first derivative of 1/30*b**5 + 0*b**2 + 0*b - 1/360*b**6 + 7/24*b**4 + 1 - b**3. Let m(q) be the third derivative of y(q). What is m(5)?
2
Let f(l) = 2*l**2 - 24*l + 30. Let s(r) = -r**2 + 12*r - 15. Let c(h) = 3*f(h) + 5*s(h). Give c(11).
4
Let z(v) = -v**3 + 4*v**2 - 4*v + 1. Suppose -9 = -5*q + 2*q. Calculate z(q).
-2
Let m(f) = -11*f**2 + 11*f - 11. Let x(i) = -4*i**2 + 4*i - 4. Let v(q) = 3*m(q) - 8*x(q). Let p(r) be the first derivative of v(r). Give p(4).
-7
Suppose 0 = 5*h - 2 - 3. Let f(b) be the first derivative of -3*b**2 + 3. What is f(h)?
-6
Suppose -11 = d + 5*m, 2*m + 22 = 4*d - 0*m. Let h(c) be the first derivative of -c**3/3 + 5*c**2/2 + 2*c + 62. What is h(d)?
6
Let x(h) = h + 6. Suppose 0*r - 66 = -3*r. Suppose -3*v - i + 6*i = 0, -4*i = 2*v + r. Determine x(v).
1
Let n be (2/(-3))/((-10)/(-15)). Let s(l) be the second derivative of 4*l**3/3 - l. Calculate s(n).
-8
Let a(x) = -15*x**2 - 15*x + 7. Let v(g) = -7*g**2 - 7*g + 3. Let s(f) = 4*a(f) - 9*v(f). What is s(-2)?
7
Let f(b) be the first derivative of -2*b**3/3 - b**2/2 - b - 4. Let x(s) = -s**3 - 3*s**2 - 2*s - 1. Let w be x(-2). Calculate f(w).
-2
Let q(u) = u**2 + 14*u + 9. Let o(f) = f + 1. Let w(k) = -6*o(k) + q(k). Calculate w(-6).
-9
Let x(r) = -r**2 - 7*r - 3. Let k be x(-6). Suppose a - 2*q = 7, -a + 3*q + 12 = a. Let t(m) = 4 - 1 - 2*m**3 - 3*m - a*m**2 + 3*m**3. Determine t(k).
-6
Let d(h) = -h**3 + 5*h**2 - 2*h - 5. Let j = 5 + -4. Suppose 0 = u - 4 + j. Let c be (-1)/u + 13/3. What is d(c)?
3
Let k(h) = -3*h**3 - 6*h**2 - 7*h + 5. Let z(b) = 3*b**3 + 7*b**2 + 8*b - 6. Let o(i) = -7*k(i) - 6*z(i). Determine o(-1).
-3
Let r(j) = -j**2 + 1 + 0*j**3 + 2*j**3 - 3*j**3. Let l(x) = 0*x**3 + 2*x**3 - 3*x**3 - x - 3*x**2 + 2. Let s be l(-2). Determine r(s).
1
Let o(z) = -z**3 - z**2 + z - 1. Let u(q) = -8*q**3 - q**2 + q - 2. Let h(p) = 3*o(p) - u(p). Let k = -5 - -6. Give h(k).
4
Let o be -6 - 2 - (-30 + 6)/8. Let p(l) = l**3 - 5*l**2 + 2*l + 6. Let w(i) = -3*i**3 + 10*i**2 - 5*i - 12. Let m(z) = -5*p(z) - 2*w(z). Give m(o).
-6
Let t(z) = 8*z**3 - 2*z - 1. Let k be (2*(-1)/2)/1. Let s be (1 - -1 - 1)/k. Determine t(s).
-7
Let n(i) be the third derivative of i**6/15 - 7*i**2. What is n(1)?
8
Let q = 127 + -121. Let l(w) = -w - 2. What is l(q)?
-8
Let g(a) = a**3 + 6*a**2 - 4*a + 1. Let j(m) = m**2 - m + 1. Let z(r) = -g(r) + 5*j(r). Suppose 0 = -0*t + 3*t. Determine z(t).
4
Let o(d) = -d**3 - 3*d**2 - 4. Suppose 5*f + s + 17 = -2, 2*f - 3*s = 6. Let g be o(f). Let u(k) = -k**3 - 3*k**2 + 5*k + 1. What is u(g)?
-3
Let q(t) = -t - 3*t - 3 + 2*t + 4. Determine q(4).
-7
Let f(y) be the first derivative of y**7/140 + 2*y**3/3 - 1. Let s(m) be the third derivative of f(m). Let h = -2 - -1. Calculate s(h).
-6
Let w(s) = -4*s**3 - 123 - 5*s + 3*s**3 + 115 + 3*s**2 + 5*s**2. What is w(7)?
6
Let y = -23 + 21. Let t(x) = -3*x**2 - 4*x - 2. What is t(y)?
-6
Let b(x) = x + 1. Let n(r) = -5*r + 7. Let t(u) = -6*b(u) - n(u). Determine t(0).
-13
Let g(h) = -3*h**2 + 3*h**2 + 2*h**2 - 5*h - 1. Calculate g(4).
11
Let s(w) be the third derivative of -w**5/60 + w**4/24 + w**3/2 + 2*w**2. Let o = 38 - 25. Suppose -4*u + 0*j + o = j, -u = 5*j - 8. Determine s(u).
-3
Let a(b) be the first derivative of b**2/2 - 4*b - 36. What is a(-8)?
-12
Suppose -4*m + 0*m + 24 = 0. Let z = m + -7. Let l(t) = -2*t**2 - 1. Give l(z).
-3
Suppose -3*t = -3*z - 6, 0 = -3*t - 3*z - 2*z + 14. Let x(a) be the second derivative of -2/5*a**5 + 0 + 0*a**t - 1/6*a**4 - a + 1/2*a**2. Determine x(1).
-9
Let y(g) = -2*g + 6. Let n(a) = -3*a + 7. Let l(q) = -4*n(q) + 5*y(q). What is l(-3)?
-4
Let b(z) be the second derivative of -z**5/20 - z**4/2 - z**3/3 - 9*z**2/2 - 30*z. What is b(-6)?
3
Let l(r) = -r**2 + 6*r + 7. Let m be (-7)/(14/(-16)) + -2. Determine l(m).
7
Let x(n) = n**3 - 5*n**2 - 5*n - 5. Suppose 27 = 3*b + 9. Calculate x(b).
1
Suppose -p = -5*j - 26, p - 3 = -3*j - 17. Let u be (3 - 3/3)*p. Let a(m) = -3*m + 3. What is a(u)?
-3
Suppose -3*d + 0*r - 6 = 3*r, 0 = -d + 5*r + 10. Let m(x) be the first derivative of x**4/4 - x**3/3 + 1. Give m(d).
0
Let l(h) be the first derivative of 3*h**4/4 - h**3/3 + h**2/2 + h - 18. Give l(2).
23
Let m(y) = -2 - 20*y + 5*y**2 + 4 + 23*y. Give m(-2).
16
Let w(f) = -f**3 - 4*f**2 + 4*f - 4. Let o be w(-5). Let k(p) = -2*p + 1 + 2 - 4. Let t(y) = -y - 1. Let b(v) = 7*k(v) - 6*t(v). Give b(o).
-9
Let a(u) be the third derivative of -u**4/24 - u**3 - 2*u**2. Let q be a(-7). Let w(h) = -9*h + 1. Give w(q).
-8
Let t(b) = -3*b**2 - 7*b - 6. Suppose -5*n + 20 = -5*l - 3*n, l + 4 = 2*n. Determine t(l).
-26
Let s(m) = 5*m**2 + 4*m + 6. Let t(y) be the second derivative of -y**4/12 + 2*y. Let c(x) = -s(x) - 4*t(x). Determine c(-4).
-6
Let k(c) = -2 - 2 + c**3 - 2*c**2 + 4*c - 3*c**2. Let z be ((-1 + -1)*-2)/1. Give k(z).
-4
Let j = 3 + -1. Let s(o) = 2 - o + 2 + 2*o + o - o**j. Determine s(-3).
-11
Let c(i) be the first derivative of i**4/4 + 2*i**3 - 6*i + 8. What is c(-6)?
-6
Let q = -6 + 7. Let t(s) be the third derivative of -s**2 + 1/12*s**4 + 0*s**5 - 1/6*s**3 + 0*s + 0 + 1/24*s**6. What is t(q)?
6
Let z(g) = g**2 - 7*g. Suppose 0 = 2*r - 3 - 5. Determine z(r).
-12
Let u = -2 - -5. Let g(n) = -3*n + 3*n**3 - 3*n**u - n**3 - 3 - 4*n**2. Give g(-2).
-5
Let u(f) = -5*f + 6. Let d(r) be the second derivative of 3*r**3/2 - 11*r**2/2 + 6*r. Let g(b) = -4*d(b) - 7*u(b). What is g(-5)?
7
Let d(h) be the third derivative of h**6/720 + h**5/40 + 3*h**4/8 + 6*h**2. Let p(w) be the second derivative of d(w). Give p(-2).
1
Let l(a) be the third derivative of -a**6/720 + a**5/24 + a**4/8 + 3*a**2. Let f(y) be the second derivative of l(y). Calculate f(4).
1
Let l(q) = -6*q - 3. Let h(v) = v + 1. Let a(d) = 4*h(d) + l(d). Calculate a(5).
-9
Let p = 34 + -9. Suppose 15 = -5*u + p. Let l(b) be the third d